-3*n = -36 - 15. Calculate the remainder when n is divided by (-15)/2*18/(-15).
8
Let b = 9 - 6. Calculate the remainder when (b/(-2))/((-24)/704) is divided by 15.
14
Let i = 528 - 515. Let w be (-28)/(-6) - (-2)/(-3). What is the remainder when i is divided by -7*-2*2/w?
6
Suppose -3*l = -4*l + 55. Calculate the remainder when l is divided by 19.
17
Let k(y) = y**2 - y + 2. Suppose 0 = -s + 14 - 6. Calculate the remainder when k(s) is divided by 20.
18
Suppose 0 = 2*q + z - 2, -3*q + 4*z + 12 = -q. Calculate the remainder when 5 is divided by q.
1
Suppose 4*d = r + d - 83, 4*d = 3*r - 239. Calculate the remainder when r is divided by 20.
17
Suppose 3*a + 3*v - 65 = 7, 4*a - 2*v = 120. What is the remainder when 55 is divided by a?
27
Suppose 48 = -o + 7*o. Calculate the remainder when 30 is divided by o.
6
Suppose 0 = -4*l - 5*h - 93, 4*l + 100 = -l - 3*h. Calculate the remainder when l/(-1) - (0 + 0) is divided by ((-18)/4)/(3/(-6)).
8
Let q(d) = 38*d**2 + 2*d - 3. Calculate the remainder when q(1) is divided by 7.
2
Let s be (-119)/9 + 4/18. Calculate the remainder when s/(-1) - 0 - 1 is divided by 7.
5
Let i be (-4)/8*24*-1. Suppose 2*g + 2*g = i. Calculate the remainder when 1 + (-12)/(-2) + 0 is divided by g.
1
Suppose -o + 62 + 32 = 0. What is the remainder when o is divided by 12?
10
Calculate the remainder when 46/3*(11 + -8) is divided by 12.
10
Let x(z) = z**2 + 2*z - 6. Let f be x(-5). Suppose f = w - 2. Calculate the remainder when 41 is divided by w.
8
Let l = -51 + 74. Suppose 2*y + l = 5*p + 10, -y = 5*p - 31. What is the remainder when 17 is divided by y?
5
Calculate the remainder when 154 is divided by 8/36 - 2493/(-81).
30
Let y(x) = x**2 + 7*x + 2. Suppose 2*s - 4*s = 6. Let m be y(s). Calculate the remainder when 10/50 - 148/m is divided by 8.
7
Let x = -7 + 13. Calculate the remainder when x is divided by 4/(3 + 0 + 5/(-3)).
0
Let r be 3*4 - (10 - 7). Let h = r - -6. Suppose -5*y = m + 19 - 227, 0 = 2*y + m - 82. What is the remainder when y is divided by h?
12
Let n(v) = -v + 4. Let q be n(5). Let d be (q - -4) + 0/(-1). Suppose 0 = -u - d*u + 60. What is the remainder when 43 is divided by u?
13
Suppose -4*r + 8 = -4*i, 2*i = -5*r + 3 + 21. What is the remainder when 7 is divided by i?
1
Suppose -3*m - a + 247 = 0, 2*m + 5*a = -21 + 177. Suppose 42*s - 126 = 36*s. Calculate the remainder when m is divided by s.
20
Calculate the remainder when (-232)/(-6)*(-48)/(-32) is divided by 31.
27
Let g = -14 - -20. What is the remainder when 9 is divided by g?
3
Let g(v) = 2*v - 13. What is the remainder when 17 is divided by g(11)?
8
Let a(c) = c**3 - c**2 + 3*c + 3. Calculate the remainder when a(4) is divided by 32.
31
Suppose 2*f - 18 = 54. Suppose -f = -4*y - 4. Calculate the remainder when y is divided by 3.
2
Calculate the remainder when -298*6/(-16) - (-4)/16 is divided by 29.
25
Let z = 75 - -20. What is the remainder when z is divided by 16?
15
Let m = 89 + -47. Let l = 68 - m. Let w = 23 + -14. What is the remainder when l is divided by w?
8
Suppose -2*m + 8 = -10. Calculate the remainder when m is divided by 231/45 - (-6)/(-45).
4
Let w(n) = -2*n + 5. Suppose -2*h + 20 = -0*h. Calculate the remainder when w(-11) is divided by h.
7
Let w(j) = 18*j - 28. Calculate the remainder when w(8) is divided by 17.
14
Let g(s) = -7*s. Let t be -3 + (3 - (5 + 0)). Let z = -6 - -18. Calculate the remainder when g(t) is divided by z.
11
Let g = 4 - 1. Calculate the remainder when 7 + (1 + -2)*g is divided by 2.
0
Let o(u) = u**2 - 11*u + 21. Let f(k) = 2*k - 4. Let y(v) = 11*f(v) + 2*o(v). Calculate the remainder when 31 is divided by y(3).
15
Let o(h) = -9*h + 4 - h**2 + 2*h**3 - 7*h**2 + 2*h**3 - 3*h**3. Calculate the remainder when 14 is divided by o(9).
2
Suppose -4*c = -161 - 15. Calculate the remainder when c is divided by 15.
14
Let g(y) = -12*y + 6. Calculate the remainder when 83 is divided by g(-3).
41
Let h be 10/(-4)*(-2)/5. Let z(k) = 14*k**2 + 2*k - 1. Let d be z(h). Suppose -5*n = -15 - d. What is the remainder when 17 is divided by n?
5
Let o(g) = -g**3 + g - 6. Let h be o(0). Let j(u) = u**3 + 7*u**2 + 5*u. Let n be j(h). What is the remainder when 53 is divided by 35/2 - (-3)/n?
17
Let g = -42 + 78. Calculate the remainder when g is divided by 19.
17
Let s(r) = r + 5. Let v be s(8). Let j = v - -7. Calculate the remainder when 33 is divided by (9/(-3))/1 + j.
16
Let d = -32 - -16. Let s = 20 + d. Calculate the remainder when 15 is divided by s.
3
Let z(a) = a**3 - 11*a**2 + 9*a + 27. Suppose 5*k - 3*x = 324, 0 = 5*k - x - 4*x - 320. What is the remainder when k is divided by z(10)?
15
Let k be 2/7 + 4/(-14). Suppose k = 3*j - 4*j + 6. Calculate the remainder when 17 is divided by j/(-4)*(3 + -9).
8
Let f(k) = -43*k**3 - k**2 + 1. Suppose 3*l + 3*q = 33, -3*q - 16 = -2*l + q. What is the remainder when f(-1) is divided by (l/4)/((-3)/(-18))?
13
Let d(c) be the second derivative of c**5/20 - 2*c**3/3 + 2*c**2 - 2*c. Suppose -2*t = -91 - 19. What is the remainder when t is divided by d(3)?
17
Let k = 65 - 55. What is the remainder when 37 is divided by k?
7
What is the remainder when (3 + (-14)/4)*-26 is divided by 7?
6
Let z(p) = 2*p**3 - 2*p**2 + 3*p - 2. Let g be z(-4). Let i = g + 311. What is the remainder when i is divided by 35?
32
Let t be (-7)/5 + 4/10. Calculate the remainder when ((-33)/(-6))/t*-2 is divided by 6 - (0 + (0 - -2)).
3
Let q(a) = a**2 + 3*a - 3. What is the remainder when q(5) is divided by 10?
7
Let a(o) be the third derivative of o**5/60 + 5*o**4/24 + 7*o**3/6 - 3*o**2. Calculate the remainder when 20 is divided by a(-5).
6
Suppose -4*s + 199 = 5*i, -3*s + 10*i = 9*i - 135. Calculate the remainder when s is divided by 17.
12
Let q be -4 - -2 - (0 - 7). Suppose -176 = -5*w - r, -6*w = -w - q*r - 200. Calculate the remainder when 105 is divided by w.
33
Calculate the remainder when 79 + -3 + -1 - -2 is divided by 20.
17
Let g(t) = t - 6*t - 3*t. Let f be g(-1). Suppose -4*z + f = -0*z. Calculate the remainder when 3 is divided by z.
1
Let s(d) = 10*d**2 + d - 1. Let z(q) = -q**2 - 5*q**2 + 2*q + 2 + 0*q**3 + 2*q**3 + q**2. What is the remainder when z(3) is divided by s(1)?
7
Suppose 4*r - 655 = -203. What is the remainder when r is divided by 38?
37
Let t = 56 - 28. Calculate the remainder when 81 is divided by t.
25
What is the remainder when 39 is divided by 27/(0 - -3) - 1?
7
Suppose r + i + 1 = 0, 4*r = -3*i + 4*i - 29. Let f = 9 - 4. What is the remainder when (-2 - 8/r)*-12 is divided by f?
3
Suppose -5*k = -m + 11 + 2, -5*k - 52 = -4*m. What is the remainder when 50 is divided by m?
11
Let o = 187 - 111. Suppose -2*t + 6*t - 44 = -2*c, -2*c + 4*t + o = 0. Calculate the remainder when c is divided by 8.
6
Suppose -4*y = 2*m - 72, -3*y + m = 5*m - 49. What is the remainder when 56 is divided by y?
18
Suppose 8 = 4*q, c + 4*c - 4*q - 27 = 0. What is the remainder when 83 is divided by c?
6
Let v(m) be the first derivative of m**3/3 + 2*m**2 - 2*m - 1. Let j be v(-5). Suppose j*h + 14 = 125. Calculate the remainder when h is divided by 13.
11
Let v = -21 - -37. Calculate the remainder when 79 is divided by v.
15
Let s(v) = v**2 - v + 30. What is the remainder when s(0) is divided by 8?
6
Let d be 6/2 + -2 + 2. Suppose -g = d*g - 52. Calculate the remainder when 36 is divided by g.
10
Let p(d) = -4*d + 6. What is the remainder when 63 is divided by p(-4)?
19
Let f(z) = -z**3 + 18. Let t be f(0). Suppose 5*m + 2*q - 17 = -q, 4*q = 5*m - 24. Suppose -t = m*x - 62. Calculate the remainder when 21 is divided by x.
10
Calculate the remainder when (-220 - 0)/(-4) - 2 is divided by 18.
17
Let g(r) = 2*r**3 - 7*r**2 + 3*r - 4. What is the remainder when g(4) is divided by 14?
10
Let p(c) = -4*c + 1. What is the remainder when p(-13) is divided by 2/(-3) + (-112)/(-6)?
17
Suppose -6*m - 20 = -m. Calculate the remainder when 19 is divided by (20/m)/((-1)/2).
9
Let x(z) be the first derivative of -3*z**2/2 + 2*z - 2. Calculate the remainder when x(-6) is divided by 11.
9
Let y(j) = -2*j**2 - 2*j + 148. What is the remainder when y(0) is divided by 25?
23
Suppose i - 6*k + 2*k = 18, -3*i = -k - 43. Let o be i/(((-9)/6)/(-3)). What is the remainder when 4/14 - (-1308)/o is divided by 16?
15
Suppos